{"id":3084,"date":"2024-04-17T09:47:53","date_gmt":"2024-04-17T09:47:53","guid":{"rendered":"https:\/\/acusticum.net\/politique-de-confidentialite\/"},"modified":"2025-01-21T15:37:29","modified_gmt":"2025-01-21T15:37:29","slug":"politique-de-confidentialite","status":"publish","type":"page","link":"https:\/\/acusticum.net\/fr\/politique-de-confidentialite\/","title":{"rendered":"Politique de confidentialit\u00e9"},"content":{"rendered":"\n<h2 class=\"wp-block-heading\">Politique de confidentialit\u00e9<\/h2>\n\n<h3 class=\"wp-block-heading\">1. l&rsquo;identification de la personne responsable<\/h3>\n\n<p>Le pr\u00e9sent document expose la politique de confidentialit\u00e9 d&rsquo;Acusticum (ci-apr\u00e8s d\u00e9nomm\u00e9e \u00ab\u00a0la soci\u00e9t\u00e9\u00a0\u00bb). Vous pouvez nous contacter par courrier \u00e9lectronique \u00e0 l&rsquo;adresse <a>info@acusticum.net<\/a>.<\/p>\n\n<h3 class=\"wp-block-heading\">2. Donn\u00e9es collect\u00e9es et finalit\u00e9 du traitement<\/h3>\n\n<p>L&rsquo;entreprise recueille des donn\u00e9es \u00e0 caract\u00e8re personnel par les moyens et aux fins suivants :<\/p>\n\n<ul class=\"wp-block-list\">\n<li><strong>Formulaire de contact<\/strong>: nom, courriel et message pour g\u00e9rer les demandes.<\/li>\n\n\n\n<li><strong>Formulaire d&rsquo;inscription<\/strong>: nom et adresse \u00e9lectronique pour l&rsquo;envoi de bulletins d&rsquo;information.<\/li>\n\n\n\n<li><strong>Donn\u00e9es de navigation<\/strong>: adresse IP, cookies et autres donn\u00e9es relatives \u00e0 votre utilisation de notre site web afin d&rsquo;am\u00e9liorer votre exp\u00e9rience et d&rsquo;effectuer des analyses statistiques.<\/li>\n<\/ul>\n\n<h3 class=\"wp-block-heading\">3. Base juridique du traitement des donn\u00e9es<\/h3>\n\n<p>Vos donn\u00e9es personnelles sont trait\u00e9es sur les bases juridiques suivantes :<\/p>\n\n<ul class=\"wp-block-list\">\n<li>Votre consentement, donn\u00e9 en remplissant les formulaires disponibles sur notre site web.<\/li>\n\n\n\n<li>Respect d&rsquo;une obligation l\u00e9gale.<\/li>\n\n\n\n<li>L&rsquo;ex\u00e9cution d&rsquo;un contrat ou l&rsquo;application de mesures pr\u00e9contractuelles.<\/li>\n\n\n\n<li>Notre int\u00e9r\u00eat l\u00e9gitime \u00e0 am\u00e9liorer nos produits et services.<\/li>\n<\/ul>\n\n<h3 class=\"wp-block-heading\">4. Conservation des donn\u00e9es<\/h3>\n\n<p>Nous conserverons vos donn\u00e9es personnelles pendant la dur\u00e9e n\u00e9cessaire \u00e0 la r\u00e9alisation des objectifs d\u00e9crits ci-dessus, \u00e0 moins que vous ne demandiez leur suppression, et toujours conform\u00e9ment aux dispositions l\u00e9gales applicables.<\/p>\n\n<h3 class=\"wp-block-heading\">5. Communication de donn\u00e9es \u00e0 des tiers<\/h3>\n\n<p>Nous ne partagerons pas vos donn\u00e9es personnelles avec des tiers, sauf si cela est n\u00e9cessaire pour respecter une obligation l\u00e9gale ou avec votre consentement explicite.<\/p>\n\n<h3 class=\"wp-block-heading\">6. Droits de l&rsquo;utilisateur<\/h3>\n\n<p>En tant que propri\u00e9taire de vos donn\u00e9es personnelles, vous avez le droit de.. :<\/p>\n\n<ul class=\"wp-block-list\">\n<li>Acc\u00e9der \u00e0 vos donn\u00e9es personnelles.<\/li>\n\n\n\n<li>Corrigez les donn\u00e9es incorrectes ou incompl\u00e8tes.<\/li>\n\n\n\n<li>Demander la suppression de vos donn\u00e9es lorsqu&rsquo;elles ne sont plus n\u00e9cessaires.<\/li>\n\n\n\n<li>s&rsquo;opposer au traitement de vos donn\u00e9es ou en demander la limitation.<\/li>\n\n\n\n<li>Demander la portabilit\u00e9 de vos donn\u00e9es \u00e0 un autre responsable du traitement.<\/li>\n\n\n\n<li>Retirer votre consentement \u00e0 tout moment.<\/li>\n<\/ul>\n\n<p>Pour exercer ces droits, vous pouvez envoyer une demande \u00e9crite \u00e0 notre adresse \u00e9lectronique <a>info@acusticum.net<\/a> en joignant une copie de votre pi\u00e8ce d&rsquo;identit\u00e9.<\/p>\n\n<h3 class=\"wp-block-heading\">7. S\u00e9curit\u00e9 des donn\u00e9es<\/h3>\n\n<p>La Soci\u00e9t\u00e9 s&rsquo;engage \u00e0 assurer la s\u00e9curit\u00e9 de vos donn\u00e9es personnelles en mettant en \u0153uvre des mesures techniques et organisationnelles appropri\u00e9es pour emp\u00eacher l&rsquo;acc\u00e8s non autoris\u00e9, la perte ou l&rsquo;alt\u00e9ration.<\/p>\n\n<h3 class=\"wp-block-heading\">8. Modifications de la politique de confidentialit\u00e9<\/h3>\n\n<p>La pr\u00e9sente politique de confidentialit\u00e9 peut \u00eatre mise \u00e0 jour de temps \u00e0 autre. Toute modification sera publi\u00e9e sur cette page, en indiquant la date de la derni\u00e8re mise \u00e0 jour. <\/p>\n\n<p>Date de la derni\u00e8re mise \u00e0 jour : 2 janvier 2025.<\/p>\n\n<h3 class=\"wp-block-heading\">9. Contact<\/h3>\n\n<p>Si vous avez des questions sur la pr\u00e9sente politique de confidentialit\u00e9 ou sur le traitement de vos donn\u00e9es personnelles, vous pouvez nous contacter par courrier \u00e9lectronique \u00e0 l&rsquo;adresse <a>info@acusticum.net<\/a>.<\/p>\n\n<p><\/p>\n","protected":false},"excerpt":{"rendered":"<p>Politique de confidentialit\u00e9 1. l&rsquo;identification de la personne responsable Le pr\u00e9sent document expose la politique de confidentialit\u00e9 d&rsquo;Acusticum (ci-apr\u00e8s d\u00e9nomm\u00e9e \u00ab\u00a0la soci\u00e9t\u00e9\u00a0\u00bb). Vous pouvez nous contacter par courrier \u00e9lectronique \u00e0 l&rsquo;adresse info@acusticum.net. 2. Donn\u00e9es collect\u00e9es et finalit\u00e9 du traitement L&rsquo;entreprise recueille des donn\u00e9es \u00e0 caract\u00e8re personnel par les moyens et aux fins suivants : 3.&hellip;&nbsp;<a href=\"https:\/\/acusticum.net\/fr\/politique-de-confidentialite\/\" rel=\"bookmark\">Lire la suite &raquo;<span class=\"screen-reader-text\">Politique de confidentialit\u00e9<\/span><\/a><\/p>\n","protected":false},"author":1,"featured_media":0,"parent":0,"menu_order":0,"comment_status":"closed","ping_status":"closed","template":"","meta":{"neve_meta_sidebar":"","neve_meta_container":"","neve_meta_enable_content_width":"on","neve_meta_content_width":100,"neve_meta_title_alignment":"","neve_meta_author_avatar":"","neve_post_elements_order":"","neve_meta_disable_header":"","neve_meta_disable_footer":"","neve_meta_disable_title":"on","footnotes":""},"class_list":["post-3084","page","type-page","status-publish","hentry"],"yoast_head":"<!-- This site is optimized with the Yoast SEO plugin v27.2 - https:\/\/yoast.com\/product\/yoast-seo-wordpress\/ -->\n<title>Politique de confidentialit\u00e9 -<\/title>\n<meta name=\"robots\" content=\"index, follow, max-snippet:-1, max-image-preview:large, max-video-preview:-1\" \/>\n<link rel=\"canonical\" href=\"https:\/\/acusticum.net\/politica-privacidad\/\" \/>\n<meta property=\"og:locale\" content=\"fr_FR\" \/>\n<meta property=\"og:type\" content=\"article\" \/>\n<meta property=\"og:title\" content=\"Politique de confidentialit\u00e9 -\" \/>\n<meta property=\"og:description\" content=\"Politique de confidentialit\u00e9 1. l&rsquo;identification de la personne responsable Le pr\u00e9sent document expose la politique de confidentialit\u00e9 d&rsquo;Acusticum (ci-apr\u00e8s d\u00e9nomm\u00e9e \u00ab\u00a0la soci\u00e9t\u00e9\u00a0\u00bb). Vous pouvez nous contacter par courrier \u00e9lectronique \u00e0 l&rsquo;adresse info@acusticum.net. 2. Donn\u00e9es collect\u00e9es et finalit\u00e9 du traitement L&rsquo;entreprise recueille des donn\u00e9es \u00e0 caract\u00e8re personnel par les moyens et aux fins suivants : 3.&hellip;&nbsp;Lire la suite &raquo;Politique de confidentialit\u00e9\" \/>\n<meta property=\"og:url\" content=\"https:\/\/acusticum.net\/politica-privacidad\/\" \/>\n<meta property=\"article:modified_time\" content=\"2025-01-21T15:37:29+00:00\" \/>\n<meta name=\"twitter:card\" content=\"summary_large_image\" \/>\n<meta name=\"twitter:label1\" content=\"Dur\u00e9e de lecture estim\u00e9e\" \/>\n\t<meta name=\"twitter:data1\" content=\"2 minutes\" \/>\n<script type=\"application\/ld+json\" class=\"yoast-schema-graph\">{\"@context\":\"https:\/\/schema.org\",\"@graph\":[{\"@type\":\"WebPage\",\"@id\":\"https:\/\/acusticum.net\/politica-privacidad\/\",\"url\":\"https:\/\/acusticum.net\/politica-privacidad\/\",\"name\":\"Politique de confidentialit\u00e9 -\",\"isPartOf\":{\"@id\":\"https:\/\/acusticum.net\/#website\"},\"datePublished\":\"2024-04-17T09:47:53+00:00\",\"dateModified\":\"2025-01-21T15:37:29+00:00\",\"breadcrumb\":{\"@id\":\"https:\/\/acusticum.net\/politica-privacidad\/#breadcrumb\"},\"inLanguage\":\"fr-FR\",\"potentialAction\":[{\"@type\":\"ReadAction\",\"target\":[\"https:\/\/acusticum.net\/politica-privacidad\/\"]}]},{\"@type\":\"BreadcrumbList\",\"@id\":\"https:\/\/acusticum.net\/politica-privacidad\/#breadcrumb\",\"itemListElement\":[{\"@type\":\"ListItem\",\"position\":1,\"name\":\"Portada\",\"item\":\"https:\/\/acusticum.net\/\"},{\"@type\":\"ListItem\",\"position\":2,\"name\":\"Politique de confidentialit\u00e9\"}]},{\"@type\":\"WebSite\",\"@id\":\"https:\/\/acusticum.net\/#website\",\"url\":\"https:\/\/acusticum.net\/\",\"name\":\"acusticum.com\",\"description\":\"Dise&ntilde;o que ilumina, ac&uacute;stica que transforma, sostenibilidad que inspira.\",\"publisher\":{\"@id\":\"https:\/\/acusticum.net\/#organization\"},\"potentialAction\":[{\"@type\":\"SearchAction\",\"target\":{\"@type\":\"EntryPoint\",\"urlTemplate\":\"https:\/\/acusticum.net\/?s={search_term_string}\"},\"query-input\":{\"@type\":\"PropertyValueSpecification\",\"valueRequired\":true,\"valueName\":\"search_term_string\"}}],\"inLanguage\":\"fr-FR\"},{\"@type\":\"Organization\",\"@id\":\"https:\/\/acusticum.net\/#organization\",\"name\":\"Acusticum\",\"url\":\"https:\/\/acusticum.net\/\",\"logo\":{\"@type\":\"ImageObject\",\"inLanguage\":\"fr-FR\",\"@id\":\"https:\/\/acusticum.net\/#\/schema\/logo\/image\/\",\"url\":\"https:\/\/acusticum.net\/wp-content\/uploads\/2025\/02\/cropped-A_fab-1.png\",\"contentUrl\":\"https:\/\/acusticum.net\/wp-content\/uploads\/2025\/02\/cropped-A_fab-1.png\",\"width\":512,\"height\":512,\"caption\":\"Acusticum\"},\"image\":{\"@id\":\"https:\/\/acusticum.net\/#\/schema\/logo\/image\/\"}}]}<\/script>\n<!-- \/ Yoast SEO plugin. -->","yoast_head_json":{"title":"Politique de confidentialit\u00e9 -","robots":{"index":"index","follow":"follow","max-snippet":"max-snippet:-1","max-image-preview":"max-image-preview:large","max-video-preview":"max-video-preview:-1"},"canonical":"https:\/\/acusticum.net\/politica-privacidad\/","og_locale":"fr_FR","og_type":"article","og_title":"Politique de confidentialit\u00e9 -","og_description":"Politique de confidentialit\u00e9 1. l&rsquo;identification de la personne responsable Le pr\u00e9sent document expose la politique de confidentialit\u00e9 d&rsquo;Acusticum (ci-apr\u00e8s d\u00e9nomm\u00e9e \u00ab\u00a0la soci\u00e9t\u00e9\u00a0\u00bb). Vous pouvez nous contacter par courrier \u00e9lectronique \u00e0 l&rsquo;adresse info@acusticum.net. 2. Donn\u00e9es collect\u00e9es et finalit\u00e9 du traitement L&rsquo;entreprise recueille des donn\u00e9es \u00e0 caract\u00e8re personnel par les moyens et aux fins suivants : 3.&hellip;&nbsp;Lire la suite &raquo;Politique de confidentialit\u00e9","og_url":"https:\/\/acusticum.net\/politica-privacidad\/","article_modified_time":"2025-01-21T15:37:29+00:00","twitter_card":"summary_large_image","twitter_misc":{"Dur\u00e9e de lecture estim\u00e9e":"2 minutes"},"schema":{"@context":"https:\/\/schema.org","@graph":[{"@type":"WebPage","@id":"https:\/\/acusticum.net\/politica-privacidad\/","url":"https:\/\/acusticum.net\/politica-privacidad\/","name":"Politique de confidentialit\u00e9 -","isPartOf":{"@id":"https:\/\/acusticum.net\/#website"},"datePublished":"2024-04-17T09:47:53+00:00","dateModified":"2025-01-21T15:37:29+00:00","breadcrumb":{"@id":"https:\/\/acusticum.net\/politica-privacidad\/#breadcrumb"},"inLanguage":"fr-FR","potentialAction":[{"@type":"ReadAction","target":["https:\/\/acusticum.net\/politica-privacidad\/"]}]},{"@type":"BreadcrumbList","@id":"https:\/\/acusticum.net\/politica-privacidad\/#breadcrumb","itemListElement":[{"@type":"ListItem","position":1,"name":"Portada","item":"https:\/\/acusticum.net\/"},{"@type":"ListItem","position":2,"name":"Politique de confidentialit\u00e9"}]},{"@type":"WebSite","@id":"https:\/\/acusticum.net\/#website","url":"https:\/\/acusticum.net\/","name":"acusticum.com","description":"Dise&ntilde;o que ilumina, ac&uacute;stica que transforma, sostenibilidad que inspira.","publisher":{"@id":"https:\/\/acusticum.net\/#organization"},"potentialAction":[{"@type":"SearchAction","target":{"@type":"EntryPoint","urlTemplate":"https:\/\/acusticum.net\/?s={search_term_string}"},"query-input":{"@type":"PropertyValueSpecification","valueRequired":true,"valueName":"search_term_string"}}],"inLanguage":"fr-FR"},{"@type":"Organization","@id":"https:\/\/acusticum.net\/#organization","name":"Acusticum","url":"https:\/\/acusticum.net\/","logo":{"@type":"ImageObject","inLanguage":"fr-FR","@id":"https:\/\/acusticum.net\/#\/schema\/logo\/image\/","url":"https:\/\/acusticum.net\/wp-content\/uploads\/2025\/02\/cropped-A_fab-1.png","contentUrl":"https:\/\/acusticum.net\/wp-content\/uploads\/2025\/02\/cropped-A_fab-1.png","width":512,"height":512,"caption":"Acusticum"},"image":{"@id":"https:\/\/acusticum.net\/#\/schema\/logo\/image\/"}}]}},"_links":{"self":[{"href":"https:\/\/acusticum.net\/fr\/wp-json\/wp\/v2\/pages\/3084","targetHints":{"allow":["GET"]}}],"collection":[{"href":"https:\/\/acusticum.net\/fr\/wp-json\/wp\/v2\/pages"}],"about":[{"href":"https:\/\/acusticum.net\/fr\/wp-json\/wp\/v2\/types\/page"}],"author":[{"embeddable":true,"href":"https:\/\/acusticum.net\/fr\/wp-json\/wp\/v2\/users\/1"}],"replies":[{"embeddable":true,"href":"https:\/\/acusticum.net\/fr\/wp-json\/wp\/v2\/comments?post=3084"}],"version-history":[{"count":1,"href":"https:\/\/acusticum.net\/fr\/wp-json\/wp\/v2\/pages\/3084\/revisions"}],"predecessor-version":[{"id":3086,"href":"https:\/\/acusticum.net\/fr\/wp-json\/wp\/v2\/pages\/3084\/revisions\/3086"}],"wp:attachment":[{"href":"https:\/\/acusticum.net\/fr\/wp-json\/wp\/v2\/media?parent=3084"}],"curies":[{"name":"wp","href":"https:\/\/api.w.org\/{rel}","templated":true}]}}

Politique de confidentialité

<h2 class="wp-block-heading">Politique de confidentialité</h2>

<h3 class="wp-block-heading">1. l&rsquo;identification de la personne responsable</h3>

<p>Le présent document expose la politique de confidentialité d&rsquo;Acusticum (ci-après dénommée « la société »). Vous pouvez nous contacter par courrier électronique à l&rsquo;adresse <a>info@acusticum.net</a>.</p>

<h3 class="wp-block-heading">2. Données collectées et finalité du traitement</h3>

<p>L&rsquo;entreprise recueille des données à caractère personnel par les moyens et aux fins suivants :</p>

<ul class="wp-block-list">
<li><strong>Formulaire de contact</strong>: nom, courriel et message pour gérer les demandes.</li>



<li><strong>Formulaire d&rsquo;inscription</strong>: nom et adresse électronique pour l&rsquo;envoi de bulletins d&rsquo;information.</li>



<li><strong>Données de navigation</strong>: adresse IP, cookies et autres données relatives à votre utilisation de notre site web afin d&rsquo;améliorer votre expérience et d&rsquo;effectuer des analyses statistiques.</li>
</ul>

<h3 class="wp-block-heading">3. Base juridique du traitement des données</h3>

<p>Vos données personnelles sont traitées sur les bases juridiques suivantes :</p>

<ul class="wp-block-list">
<li>Votre consentement, donné en remplissant les formulaires disponibles sur notre site web.</li>



<li>Respect d&rsquo;une obligation légale.</li>



<li>L&rsquo;exécution d&rsquo;un contrat ou l&rsquo;application de mesures précontractuelles.</li>



<li>Notre intérêt légitime à améliorer nos produits et services.</li>
</ul>

<h3 class="wp-block-heading">4. Conservation des données</h3>

<p>Nous conserverons vos données personnelles pendant la durée nécessaire à la réalisation des objectifs décrits ci-dessus, à moins que vous ne demandiez leur suppression, et toujours conformément aux dispositions légales applicables.</p>

<h3 class="wp-block-heading">5. Communication de données à des tiers</h3>

<p>Nous ne partagerons pas vos données personnelles avec des tiers, sauf si cela est nécessaire pour respecter une obligation légale ou avec votre consentement explicite.</p>

<h3 class="wp-block-heading">6. Droits de l&rsquo;utilisateur</h3>

<p>En tant que propriétaire de vos données personnelles, vous avez le droit de.. :</p>

<ul class="wp-block-list">
<li>Accéder à vos données personnelles.</li>



<li>Corrigez les données incorrectes ou incomplètes.</li>



<li>Demander la suppression de vos données lorsqu&rsquo;elles ne sont plus nécessaires.</li>



<li>s&rsquo;opposer au traitement de vos données ou en demander la limitation.</li>



<li>Demander la portabilité de vos données à un autre responsable du traitement.</li>



<li>Retirer votre consentement à tout moment.</li>
</ul>

<p>Pour exercer ces droits, vous pouvez envoyer une demande écrite à notre adresse électronique <a>info@acusticum.net</a> en joignant une copie de votre pièce d&rsquo;identité.</p>

<h3 class="wp-block-heading">7. Sécurité des données</h3>

<p>La Société s&rsquo;engage à assurer la sécurité de vos données personnelles en mettant en œuvre des mesures techniques et organisationnelles appropriées pour empêcher l&rsquo;accès non autorisé, la perte ou l&rsquo;altération.</p>

<h3 class="wp-block-heading">8. Modifications de la politique de confidentialité</h3>

<p>La présente politique de confidentialité peut être mise à jour de temps à autre. Toute modification sera publiée sur cette page, en indiquant la date de la dernière mise à jour. </p>

<p>Date de la dernière mise à jour : 2 janvier 2025.</p>

<h3 class="wp-block-heading">9. Contact</h3>

<p>Si vous avez des questions sur la présente politique de confidentialité ou sur le traitement de vos données personnelles, vous pouvez nous contacter par courrier électronique à l&rsquo;adresse <a>info@acusticum.net</a>.</p>

<p></p>

<p>Politique de confidentialité 1. l&rsquo;identification de la personne responsable Le présent document expose la politique de confidentialité d&rsquo;Acusticum (ci-après dénommée « la société »). Vous pouvez nous contacter par courrier électronique à l&rsquo;adresse info@acusticum.net. 2. Données collectées et finalité du traitement L&rsquo;entreprise recueille des données à caractère personnel par les moyens et aux fins suivants : 3.&hellip;&nbsp;<a href="https://acusticum.net/fr/politique-de-confidentialite/" rel="bookmark">Lire la suite &raquo;<span class="screen-reader-text">Politique de confidentialité</span></a></p>

<!-- This site is optimized with the Yoast SEO plugin v27.2 - https://yoast.com/product/yoast-seo-wordpress/ -->
<title>Politique de confidentialité -</title>
<meta name="robots" content="index, follow, max-snippet:-1, max-image-preview:large, max-video-preview:-1" />
<link rel="canonical" href="https://acusticum.net/politica-privacidad/" />
<meta property="og:locale" content="fr_FR" />
<meta property="og:type" content="article" />
<meta property="og:title" content="Politique de confidentialité -" />
<meta property="og:description" content="Politique de confidentialité 1. l&rsquo;identification de la personne responsable Le présent document expose la politique de confidentialité d&rsquo;Acusticum (ci-après dénommée « la société »). Vous pouvez nous contacter par courrier électronique à l&rsquo;adresse info@acusticum.net. 2. Données collectées et finalité du traitement L&rsquo;entreprise recueille des données à caractère personnel par les moyens et aux fins suivants : 3.&hellip;&nbsp;Lire la suite &raquo;Politique de confidentialité" />
<meta property="og:url" content="https://acusticum.net/politica-privacidad/" />
<meta property="article:modified_time" content="2025-01-21T15:37:29+00:00" />
<meta name="twitter:card" content="summary_large_image" />
<meta name="twitter:label1" content="Durée de lecture estimée" />
	<meta name="twitter:data1" content="2 minutes" />
<script type="application/ld+json" class="yoast-schema-graph">{"@context":"https://schema.org","@graph":[{"@type":"WebPage","@id":"https://acusticum.net/politica-privacidad/","url":"https://acusticum.net/politica-privacidad/","name":"Politique de confidentialité -","isPartOf":{"@id":"https://acusticum.net/#website"},"datePublished":"2024-04-17T09:47:53+00:00","dateModified":"2025-01-21T15:37:29+00:00","breadcrumb":{"@id":"https://acusticum.net/politica-privacidad/#breadcrumb"},"inLanguage":"fr-FR","potentialAction":[{"@type":"ReadAction","target":["https://acusticum.net/politica-privacidad/"]}]},{"@type":"BreadcrumbList","@id":"https://acusticum.net/politica-privacidad/#breadcrumb","itemListElement":[{"@type":"ListItem","position":1,"name":"Portada","item":"https://acusticum.net/"},{"@type":"ListItem","position":2,"name":"Politique de confidentialité"}]},{"@type":"WebSite","@id":"https://acusticum.net/#website","url":"https://acusticum.net/","name":"acusticum.com","description":"Dise&ntilde;o que ilumina, ac&uacute;stica que transforma, sostenibilidad que inspira.","publisher":{"@id":"https://acusticum.net/#organization"},"potentialAction":[{"@type":"SearchAction","target":{"@type":"EntryPoint","urlTemplate":"https://acusticum.net/?s={search_term_string}"},"query-input":{"@type":"PropertyValueSpecification","valueRequired":true,"valueName":"search_term_string"}}],"inLanguage":"fr-FR"},{"@type":"Organization","@id":"https://acusticum.net/#organization","name":"Acusticum","url":"https://acusticum.net/","logo":{"@type":"ImageObject","inLanguage":"fr-FR","@id":"https://acusticum.net/#/schema/logo/image/","url":"https://acusticum.net/wp-content/uploads/2025/02/cropped-A_fab-1.png","contentUrl":"https://acusticum.net/wp-content/uploads/2025/02/cropped-A_fab-1.png","width":512,"height":512,"caption":"Acusticum"},"image":{"@id":"https://acusticum.net/#/schema/logo/image/"}}]}</script>
<!-- / Yoast SEO plugin. -->

Politique de confidentialité -

Politique de confidentialité 1. l&rsquo;identification de la personne responsable Le présent document expose la politique de confidentialité d&rsquo;Acusticum (ci-après dénommée « la société »). Vous pouvez nous contacter par courrier électronique à l&rsquo;adresse info@acusticum.net. 2. Données collectées et finalité du traitement L&rsquo;entreprise recueille des données à caractère personnel par les moyens et aux fins suivants : 3.&hellip;&nbsp;Lire la suite &raquo;Politique de confidentialité
